?
9
Let x = -103 + 249. What is the units digit of x?
6
Suppose u - 11 = -3. Let w = 33 + u. What is the tens digit of w?
4
Let j be (-2)/9 - 47836/36. Let w be j/(-21) - (-10)/(-35). What is the units digit of (w + -4 - 1)/2?
9
Suppose 4*u - 5434 = 3446. What is the units digit of u?
0
Let n = -3291 - -6079. What is the hundreds digit of n?
7
Let v = 220 - 178. What is the tens digit of v?
4
Suppose 5*j + 5*p - 320 = 0, -j + 4*j - 187 = 2*p. What is the tens digit of j?
6
Let j be (-1122)/18 - 1/(-3). Let v = j - -104. What is the units digit of v?
2
Let a = 29 + -68. Let c = a + 59. What is the units digit of c?
0
Let f(w) = 24*w**3 - 3*w**2. Let s be f(2). Let v = s - 78. What is the hundreds digit of v?
1
Let j(n) = -3*n**2 + 11 + 0 + 3*n**2 + 6*n**2 + 11*n. What is the tens digit of j(-5)?
0
Suppose -k + 4*v = -583, k + 2*v + 0*v - 559 = 0. What is the hundreds digit of k?
5
Let g(t) = 2*t. Let s be g(0). Suppose s = -k + 2*d - 6*d + 167, -5*k = -3*d - 766. What is the tens digit of k?
5
Suppose -14*k + 28103 = -7037. What is the tens digit of k?
1
What is the hundreds digit of ((-1 - 188)/7)/(1/(-17))?
4
Suppose 0 = 3*i - 4*q - 198, -22*i - 2*q = -20*i - 146. Let s(m) = 4*m + 7. Let u be s(5). Let k = i - u. What is the tens digit of k?
4
Let t(v) = 77*v**2 + 9*v - 115. What is the tens digit of t(5)?
5
Suppose 2*d - 2 + 8 = 3*q, -9 = -4*q + 3*d. Suppose -5*r + 107 = -q*o + o, 0 = -3*r + 3*o + 57. What is the tens digit of r?
2
Let j(i) = -129*i**3 + 7*i**2 + 29*i + 30. What is the hundreds digit of j(-3)?
4
Let s = -5 - -7. Suppose 3*k - 8*k = -40. Suppose s*u = -4*t + 18, k = 3*t + 4*u - 8. What is the units digit of t?
4
Let z(q) = -q**3 - 15*q**2 + 15*q - 23. Let x be z(-16). Let d be (-37)/x - 4/14. Suppose 0 = 2*b - 13 + d, a - 21 = 3*b. What is the units digit of a?
3
Let f(o) = -o**3 + 3*o - 4*o + 30*o**3. Let k be ((-3)/9)/(3/(-9)). What is the tens digit of f(k)?
2
Let j(v) = 7*v**2 - 5*v + 1. Let o be j(-4). Let t = -27 - -39. What is the units digit of t/54 + o/9?
5
Let r(g) = -4*g. Let x be (-4)/(-10) + (-27)/5. Let k(y) = -9*y - 1. Let b(i) = x*r(i) + 3*k(i). What is the tens digit of b(-2)?
1
Suppose 4*s + 1 = -s + 3*f, -f + 6 = 4*s. Let k(x) = 46*x**2 - x + 2. What is the units digit of k(s)?
7
Let n = 26 + -23. Suppose -3*j = 6, 2*j - 3*j - 22 = -5*t. Suppose -t*k + 2*y = -112, 3*k - 140 = -2*k + n*y. What is the units digit of k?
8
What is the tens digit of (-6)/15*(-17 - 4893)?
6
Suppose -2*j = j - 12. Suppose 0 = -3*q + 5*f + 124, -j*f - 100 = 5*q - 282. What is the units digit of q?
8
Let w be 0/(-2) + -3 - 1. Let j(u) = -5*u - 4. Let h be j(w). Let k = h - -12. What is the units digit of k?
8
Suppose 8*d = 5499 + 3933. What is the hundreds digit of d?
1
Let x = -38 - -46. Let b(m) = 11*m + 18. What is the tens digit of b(x)?
0
Suppose -4*x - 2*w + 438 = 0, -8 - 94 = -x + w. What is the hundreds digit of x?
1
Suppose 8 = 4*q - 0. What is the units digit of (4/(-5))/(q/(-80))?
2
Suppose 2*a + 2*f + 123 = 3*a, -5*a = -5*f - 630. What is the hundreds digit of a?
1
Let n be -1 + 0 - (-6 + 0). Suppose n*w + 12 = 32. Suppose a - 184 = -w*l - 0*a, a - 90 = -2*l. What is the units digit of l?
7
Let i be 86*3 - (13 + -14). Suppose 27 = -w - q + 97, -4*w + 3*q = -i. What is the units digit of w?
7
Let v be 9 + -8 + 12/3. What is the units digit of 2*(v - (-2 - 0))?
4
Let k = -4 + -3. Let l(y) = -y**2 - 8*y + 5. What is the tens digit of l(k)?
1
Let t(h) = -516*h - 189. What is the hundreds digit of t(-4)?
8
Suppose 14 + 18 = -4*r. Let a(x) = x**2 + 2*x + 15. What is the units digit of a(r)?
3
Suppose -730 - 3718 = -8*i. What is the units digit of i?
6
Suppose -330 = -5*s - q + 6*q, 346 = 5*s - q. What is the units digit of s?
0
Let g = 18 - -9. Suppose b = 5*w + g, 3*b - 1 = -w - 0. Suppose 0 = b*z - z - 9. What is the units digit of z?
9
Let d(r) = r**2 - r + 6. Let f(n) = -n**2 + n - 1. Let l(t) = 3*t**2 - 11*t + 7. Let o(b) = -2*f(b) - l(b). Let q be o(9). What is the units digit of d(q)?
6
Suppose 0 = x + 19*x - 12800. What is the units digit of x?
0
Let p = -1466 - -3118. What is the units digit of p?
2
Let r be 1/(-1) + 3 - (2 + -5). Let u(j) = 26*j + 9. What is the tens digit of u(r)?
3
What is the hundreds digit of (-333)/(-37) - 1*-1766?
7
Suppose 0*k + 4*j - 175 = -5*k, 20 = -4*j. Suppose -b + 0*b + k = 0. What is the units digit of b?
9
Suppose -1 = 3*w - 7. Let l = w - -1. What is the tens digit of (31/(2 - l))/(-1)?
3
Suppose 0 = -6*b + 2*b + 124. Suppose -5*h + 10*h = -4*d - 55, 3*h - b = 4*d. What is the units digit of (-5)/(d/(-16))*-1?
8
Let q be ((-12)/(-4))/(-3) + 3. Suppose -2*y = q*x - 130, -5*y = -4*x - 144 - 172. What is the units digit of y?
4
Let a(p) = 156*p**3 + 9*p**2 - 24*p + 18. What is the tens digit of a(2)?
5
Let g(q) = 2*q**2 - 6*q - 7. Let l be g(5). Let p(n) = 3*n - 38. What is the units digit of p(l)?
1
Let j(m) = -11*m - 33. Let o be j(-9). Suppose 0*x - f = 2*x - 99, -5*f = -x + o. What is the tens digit of x?
5
Let n = -26 + 31. Suppose t + 0 = n*s + 4, -4*s = -4. What is the tens digit of 47 - (t/3 - 4)?
4
Let k(s) = 2 + 1 - 4 - 5*s. Let t = 147 - 148. What is the units digit of k(t)?
4
Let l = 9 + -15. Let z be l/(-14) - 3/7. Let i = 21 - z. What is the tens digit of i?
2
What is the tens digit of -4 + (-320)/(-24) - 2/(-3)?
1
Suppose 26735 = 30*b + 9875. What is the units digit of b?
2
Let s(p) = 2*p**2 - 2*p. Let i be s(2). Suppose 5*m = 6 + i. Suppose -n + 27 = m*d, 2*d + 2*d + 38 = 2*n. What is the units digit of n?
3
Let y(t) = -t**3 - 10*t**2 - 17*t + 6. Let m = 44 + -52. What is the tens digit of y(m)?
1
What is the tens digit of 1/(-5) + (-13251)/(-5)?
5
Suppose 3*n + 60 = -3*p, -5*p + 5 - 65 = 3*n. Let o = -20 - n. Suppose o = -5*w + w + 12. What is the units digit of w?
3
Suppose 3*q = 2*b - 12, 5*b - 3*q = 2*q + 25. Suppose b*g + 6*w = 2*w + 422, 2*g - 266 = 5*w. What is the hundreds digit of g?
1
What is the thousands digit of 16/(-12)*245070/(-84)?
3
Let f(m) = 10*m**2 - m - 18. Let p(q) = 3*q**2 - 6. Let s(t) = 2*f(t) - 7*p(t). Let u be s(-4). What is the tens digit of 197/4 + u/8?
4
Suppose t + 4*v = -3*t + 20, -4*v = -t - 5. Suppose -a + 272 = 3*x, -30 = -x - t*a + 58. Suppose -3*u + x = 25. What is the units digit of u?
2
Suppose 4*z - 160 = 96. What is the tens digit of z?
6
Let y = -108 + 108. Suppose 0 = -4*b - 2*m + 962, y = 3*b - m - 2*m - 717. What is the tens digit of b?
4
Suppose -a + 411 = 2*a. Suppose -5*m + 435 = 5*z, 2*m = -4*z + 43 + a. What is the units digit of m?
4
Let o be 2/2 + -15 + 11. Let x(i) = -4*i**3 - 5*i**2 - 4*i - 6. What is the tens digit of x(o)?
6
Suppose 17*t + w = 13*t + 93, 0 = -2*t - w + 47. What is the units digit of t?
3
Let b = -52 + -49. Let n = b + 162. Suppose 0 = 6*m - 83 - n. What is the units digit of m?
4
Let a = -42 - -122. Suppose 4*i + 5*o = 169, -5*i - a = 3*o - 288. What is the units digit of i?
1
Let o be ((-12)/(-1) - -1) + 1 + -2. What is the tens digit of o/(-4) + 3 - -120?
2
Let r = -397 + 767. What is the tens digit of r?
7
Let b(w) = 26*w - 26 - w**2 + 87 - 15*w + 10*w. What is the units digit of b(23)?
5
Suppose k + 4*m + 4 = 0, 3*k - m = k - 8. What is the tens digit of (k/6)/(10/(-345))?
2
What is the hundreds digit of 591 + (4/38 - (-624)/(-152))?
5
Suppose -89*c = -87*c - 594. What is the units digit of c?
7
Suppose -11*g = -4*g - 21. Suppose -k - g = -8. Suppose 2*r - f = 126, k*r - 3*f = 66 + 251. What is the units digit of r?
1
Let l(a) = -6*a + 3. Let j(r) = r**3 - 5*r**2 + 2. Let s be j(5). Let q = s + -5. What is the tens digit of l(q)?
2
Let r(j) = -73*j + 190. What is the thousands digit of r(-29)?
2
Let z(g) = -g - 2. Let r be z(-3). Let u(x) = 27*x + 51*x - 61*x + 1. What is the tens digit of u(r)?
1
Let d = 21 - 9. Suppose 11*u = 8*u + d. What is the units digit of (3/u)/(5/20)?
3
Let b = -30 - -32. Let i be (15/2)/((-1)/b). Let t = i + 26. What is the units digit of t?
1
Let u = -87 + 87. Suppose u = 25*g - 27*g + 198. What is the tens digit of g?
9
Let b = 110 + -110. Suppose i = -0*i + 105. Suppose b*n = 5*n - i. What is the tens digit of n?
2
Suppose 2*y = -k + 7, 4*y - 16 = -y - 3*k. Suppose 0 = -y*x + 151 + 139. What is the tens digit of x?
5
Let b(t) = -t**3 - 11*t**2 + 10*t - 17. Suppo